{"id":1990,"date":"2021-04-23T13:01:31","date_gmt":"2021-04-23T13:01:31","guid":{"rendered":"https:\/\/niw.gov.pl\/bip\/?page_id=1990"},"modified":"2021-07-21T10:41:13","modified_gmt":"2021-07-21T10:41:13","slug":"dyrekcja-niw-crso","status":"publish","type":"page","link":"https:\/\/niw.gov.pl\/bip\/biuletyn-informacji-publicznej\/organizacja\/dyrekcja-niw-crso\/","title":{"rendered":"Dyrekcja NIW-CRSO"},"content":{"rendered":"<p>[vc_row][vc_column]\n\t\n\t<div class=\"management\">\n<div class=\"management_box_left col-4 zero_pad\">\n<div class=\"management_box_left_img\"><img decoding=\"async\" src=\"https:\/\/niw.gov.pl\/bip\/wp-content\/uploads\/2024\/03\/410911743_800366925230161_4777910067371620960_n.jpg\" alt=\"Micha\u0142 Braun\" width=\"100%\"><\/div>\n<div class=\"management_box_left1\">\n<div class=\"management_title\">Micha\u0142 Braun<\/div>\nDyrektor Narodowego Instytutu Wolno\u015bci \u2013 Centrum Rozwoju Spo\u0142ecze\u0144stwa Obywatelskiego<\/div>\n<\/div>\n<div class=\"management_box col-8 low_pad\"> \n\n<p>Ekspert i praktyk w dziedzinie partycypacji publicznej i III sektora z pi\u0119tnastoletnim do\u015bwiadczeniem pracy w organizacjach pozarz\u0105dowych. Zarz\u0105dza\u0142 wieloma organizacjami pozarz\u0105dowymi w Polsce, pracowa\u0142 jako ekspert m.in. dla Komisji Europejskiej i Fundacji Rozwoju Systemu Edukacji oceniaj\u0105c wnioski Erasmus+ i AMIF, a tak\u017ce w inkubatorach organizacji pozarz\u0105dowych i ekonomii spo\u0142ecznej. Jako koordynator projekt\u00f3w, trener i konsultant pracowa\u0142 w projektach edukacyjnych Erasmus+ w wielu krajach Europie, Azji, Afryce i Ameryce Po\u0142udniowej.<\/p>\n<p>&nbsp;<\/p>\n<p>Przez lata zwi\u0105zany z Centrum Wolontariatu w Kielcach, kt\u00f3rym zarz\u0105dza\u0142 w latach 2010 \u2013 2015. Zajmowa\u0142 si\u0119 prac\u0105 z m\u0142odymi, projektami na rzecz demokracji lokalnej oraz og\u00f3lnopolsk\u0105 polityk\u0105 na rzecz m\u0142odzie\u017cy, w tym unijnym dialogiem m\u0142odzie\u017cowym przewodnicz\u0105c Krajowej Grupie Roboczej. By\u0142y cz\u0142onek Komitetu Monitoruj\u0105cego RPO woj. \u015awi\u0119tokrzyskiego. W latach 2011-2014 wiceprzewodnicz\u0105cy zarz\u0105du Polskiej Rady Organizacji M\u0142odzie\u017cowych, a w 2015 cz\u0142onek zarz\u0105du OFOP. Do\u015bwiadczenie zdobywa\u0142 pracuj\u0105c r\u00f3wnie\u017c jako wolontariusz m.in: w szkole podstawowej w Indiach, wi\u0119zieniu w Boliwii oraz organizacjach r\u00f3wno\u015bciowych w USA.<\/p>\n<p>&nbsp;<\/p>\n<p>Absolwent Europeistyki Uniwersytetu Warszawskiego, Akademii Manager\u00f3w III Sektora Collegium Civitas, 26 Szko\u0142y Lider\u00f3w Politycznych oraz Pracowni Samorz\u0105dowej Fundacji Batorego. Uczestnik program Young Elected Politicians Europejskiego Komitetu Region\u00f3w. Uko\u0144czy\u0142 sze\u015bciomiesi\u0119czne studia na du\u0144skim Uniwersytecie Ludowym w Hadsten oraz stypendium Erasmus na Uniwersytecie Karola w Pradze. M\u00f3wi po angielsku i hiszpa\u0144sku. W latach 2019-2024 Radny Miasta Kielce. Cz\u0142onek Rady Dzia\u0142alno\u015bci Po\u017cytku Publicznego.<\/p>\n<\/div>\n<\/div>\n\t\n\t<div class=\"management\">\n<div class=\"management_box_left col-4 zero_pad\">\n<div class=\"management_box_left_img\"><img decoding=\"async\" src=\"https:\/\/niw.gov.pl\/bip\/wp-content\/uploads\/2024\/03\/Foto-Adela-Gasiorowska.jpg\" alt=\"Adela G\u0105siorowska\" width=\"100%\"><\/div>\n<div class=\"management_box_left1\">\n<div class=\"management_title\">Adela G\u0105siorowska<\/div>\nZast\u0119pczyni dyrektora Narodowego Instytutu Wolno\u015bci \u2013 Centrum Rozwoju Spo\u0142ecze\u0144stwa Obywatelskiego<\/div>\n<\/div>\n<div class=\"management_box col-8 low_pad\"> \n\n<p>Prawniczka, specjalizuje si\u0119 w tematyce organizacji pozarz\u0105dowych, innowacji demokratycznych, partycypacji obywatelskiej i wsp\u00f3\u0142pracy publiczno-spo\u0142ecznej. Od ok. 10 lat zwi\u0105zana z sektorem pozarz\u0105dowym. W 2023-2024 r. Pe\u0142nomocniczka Rzecznika Praw Obywatelskich ds. Wsp\u00f3\u0142pracy z Partnerami Spo\u0142ecznymi. Od 2021 do 2024 r. cz\u0142onkini zarz\u0105du warszawskiej Kooperatywy Dobrze. Wsp\u00f3\u0142pracowa\u0142a z licznymi organizacjami spo\u0142ecznymi m.in. z Og\u00f3lnopolsk\u0105 Federacj\u0105 Organizacji Pozarz\u0105dowych, Fundacj\u0105 Centrum Edukacji Obywatelskiej i Stowarzyszeniem Amnesty International Polska.<\/p>\n<p>&nbsp;<\/p>\n<p>Doktorantka na Wydziale Prawa i Administracji Uniwersytetu Warszawskiego, gdzie realizuje projekt badawczy po\u015bwi\u0119cony instytucji panelu obywatelskiego w polskim systemie polityczno-prawnym. Autorka licznych publikacji naukowych i edukacyjnych oraz raport\u00f3w dotycz\u0105cych funkcjonowania organizacji pozarz\u0105dowych i partycypacji obywatelskiej.<\/p>\n<\/div>\n<\/div>\n\t\n\t<div class=\"management\">\n<div class=\"management_box_left col-4 zero_pad\">\n<div class=\"management_box_left_img\"><img decoding=\"async\" src=\"https:\/\/niw.gov.pl\/bip\/wp-content\/uploads\/2025\/01\/Foto-Ewa-Kalbarczyk.jpeg\" alt=\"Ewa Kalbarczyk\" width=\"100%\"><\/div>\n<div class=\"management_box_left1\">\n<div class=\"management_title\">Ewa Kalbarczyk<\/div>\nZast\u0119pczyni dyrektora Narodowego Instytutu Wolno\u015bci \u2013 Centrum Rozwoju Spo\u0142ecze\u0144stwa Obywatelskiego<\/div>\n<\/div>\n<div class=\"management_box col-8 low_pad\"> \n\n<p>Do\u015bwiadczona liderka w zarz\u0105dzaniu projektami spo\u0142ecznymi, wsp\u00f3\u0142prac\u0105 z organizacjami pozarz\u0105dowymi oraz budowania relacji mi\u0119dzysektorowych. Sprawuj\u0105c funkcj\u0119 Pe\u0142nomocnika Wojewody Mazowieckiego ds. Rozwoju Spo\u0142ecze\u0144stwa Obywatelskiego i Wsp\u00f3\u0142pracy z Organizacjami Pozarz\u0105dowymi odpowiada\u0142a za wsp\u00f3\u0142prac\u0119 z administracj\u0105 rz\u0105dow\u0105, organizacjami pozarz\u0105dowymi oraz inicjatywy promuj\u0105ce aktywno\u015b\u0107 obywatelsk\u0105 i warto\u015bci demokratyczne. Cz\u0142onek Mazowieckiej Rady Dzia\u0142alno\u015bci Po\u017cytku Publicznego VI kadencji.<\/p>\n<p>&nbsp;<\/p>\n<p>Do\u015bwiadczenie nabywa\u0142a r\u00f3wnie\u017c zajmuj\u0105c kluczowe stanowiska w stowarzyszeniu o og\u00f3lnokrajowym zasi\u0119gu, gdzie jako wiceprezes zarz\u0105du odpowiada\u0142a za wsp\u00f3\u0142prac\u0119 z organizacjami pozarz\u0105dowymi w ramach wsp\u00f3lnych projekt\u00f3w i inicjatyw spo\u0142ecznych, koordynacj\u0119 projekt\u00f3w spo\u0142ecznych, wsp\u00f3\u0142prac\u0119 i wsparcie lider\u00f3w projekt\u00f3w czy regionalnych. Jako wieloletnia przedsi\u0119biorczyni i w\u0142a\u015bcicielka biura t\u0142umacze\u0144 posiada kompetencje w zarz\u0105dzaniu projektami, finansami, negocjacjach i rozwi\u0105zywania sytuacji kryzysowych. Posiada uprawnienia t\u0142umacza przysi\u0119g\u0142ego j\u0119zyka niemieckiego i ponad 20-letnie do\u015bwiadczenie w pracy, co pozwoli\u0142o jej zdoby\u0107 szerokie kompetencje w zakresie m.in. prawa czy finans\u00f3w.<\/p>\n<p>&nbsp;<\/p>\n<p>Spo\u0142eczniczka, wolontariuszka i koordynatorka licznych akcji spo\u0142ecznych, takich jak pomoc osobom w kryzysie bezdomno\u015bci, dzia\u0142ania na rzecz uchod\u017ac\u00f3w, wsparcie Powsta\u0144c\u00f3w Warszawskich, aktywno\u015bci, kt\u00f3rych celem jest wyr\u00f3wnywanie szans i walka z wykluczeniem spo\u0142ecznym. Aktywna uczestniczka inicjatyw maj\u0105cych na celu rozw\u00f3j spo\u0142ecze\u0144stwa obywatelskiego oraz wzmacnianie lokalnych spo\u0142eczno\u015bci.<\/p>\n<\/div>\n<\/div>   <div class=\"space_20\"><\/div>\n<div class=\"row\">\n\n  <div class=\"col-lg-8 col-md-8 col-sm-12\">\n  \n<button class=\"red_btn history_btn1\"  onClick=\"javascript:history.go(-1)\" type=\"button\">wr&oacute;&#263;<\/button>\n<\/div>\n <div class=\"col-lg-4 col-md-4 col-sm-12\">\n<span class=\"a2a_kit a2a_kit_size_32\" data-a2a-url=\"#\" data-a2a-title=\"Homing :: NIW\">\n<a class=\"addtoany\" href=\"#\"><button class=\"system_btn print_btn\" type=\"button\"> &nbsp; POWIADOM ZNAJOMEGO <\/button><\/a>\n\n<\/span><\/div><\/div>[\/vc_column][\/vc_row]<\/p>\n","protected":false},"excerpt":{"rendered":"<p>[vc_row][vc_column][\/vc_column][\/vc_row]<\/p>\n","protected":false},"author":1,"featured_media":0,"parent":1978,"menu_order":2,"comment_status":"closed","ping_status":"closed","template":"page-templates\/about_niw_sub_pages.php","meta":{"_acf_changed":false,"inline_featured_image":false,"footnotes":""},"class_list":["post-1990","page","type-page","status-publish","hentry"],"acf":[],"_links":{"self":[{"href":"https:\/\/niw.gov.pl\/bip\/wp-json\/wp\/v2\/pages\/1990","targetHints":{"allow":["GET"]}}],"collection":[{"href":"https:\/\/niw.gov.pl\/bip\/wp-json\/wp\/v2\/pages"}],"about":[{"href":"https:\/\/niw.gov.pl\/bip\/wp-json\/wp\/v2\/types\/page"}],"author":[{"embeddable":true,"href":"https:\/\/niw.gov.pl\/bip\/wp-json\/wp\/v2\/users\/1"}],"replies":[{"embeddable":true,"href":"https:\/\/niw.gov.pl\/bip\/wp-json\/wp\/v2\/comments?post=1990"}],"version-history":[{"count":1,"href":"https:\/\/niw.gov.pl\/bip\/wp-json\/wp\/v2\/pages\/1990\/revisions"}],"predecessor-version":[{"id":3452,"href":"https:\/\/niw.gov.pl\/bip\/wp-json\/wp\/v2\/pages\/1990\/revisions\/3452"}],"up":[{"embeddable":true,"href":"https:\/\/niw.gov.pl\/bip\/wp-json\/wp\/v2\/pages\/1978"}],"wp:attachment":[{"href":"https:\/\/niw.gov.pl\/bip\/wp-json\/wp\/v2\/media?parent=1990"}],"curies":[{"name":"wp","href":"https:\/\/api.w.org\/{rel}","templated":true}]}}