{"id":4783,"date":"2024-07-29T09:31:00","date_gmt":"2024-07-29T07:31:00","guid":{"rendered":"https:\/\/niw.gov.pl\/bip\/?page_id=4783"},"modified":"2025-09-18T14:46:02","modified_gmt":"2025-09-18T12:46:02","slug":"mapa-strony","status":"publish","type":"page","link":"https:\/\/niw.gov.pl\/bip\/biuletyn-informacji-publicznej\/mapa-strony\/","title":{"rendered":"Mapa Strony"},"content":{"rendered":"<p>[vc_row][vc_column][vc_column_text el_class=&#8221;subpage&#8221;]<\/p>\n<ul>\n<li class=\"current_page_item\"><a class=\"active5\" href=\"https:\/\/niw.gov.pl\/bip\/biuletyn-informacji-publicznej\/redakcja-bip\/\">Redakcja BIP<\/a><\/li>\n<li><a href=\"https:\/\/niw.gov.pl\/bip\/biuletyn-informacji-publicznej\/organizacja\/\">Organizacja<\/a>\n<ul>\n<li><a href=\"https:\/\/niw.gov.pl\/bip\/biuletyn-informacji-publicznej\/organizacja\/struktura-niw-crso\/\">Struktura NIW-CRSO<\/a><\/li>\n<li><a href=\"https:\/\/niw.gov.pl\/bip\/biuletyn-informacji-publicznej\/organizacja\/dyrekcja-niw-crso\/\">Dyrekcja NIW-CRSO<\/a><\/li>\n<li><a href=\"https:\/\/niw.gov.pl\/bip\/biuletyn-informacji-publicznej\/organizacja\/rada-niw-crso\/\">Rada NIW-CRSO<\/a><\/li>\n<li><a href=\"https:\/\/niw.gov.pl\/bip\/biuletyn-informacji-publicznej\/organizacja\/dokumenty-niw-crso\/\">Dokumenty NIW-CRSO<\/a>\n<ul>\n<li><a href=\"https:\/\/niw.gov.pl\/bip\/biuletyn-informacji-publicznej\/organizacja\/dokumenty-niw-crso\/akty-prawne\/\">Akty prawne<\/a><\/li>\n<li><a href=\"https:\/\/niw.gov.pl\/bip\/biuletyn-informacji-publicznej\/organizacja\/dokumenty-niw-crso\/dokumenty-wewnetrzne-i-rejestrowe\/\">Dokumenty wewn\u0119trzne i rejestrowe<\/a><\/li>\n<li><a href=\"https:\/\/niw.gov.pl\/bip\/biuletyn-informacji-publicznej\/organizacja\/dokumenty-niw-crso\/dokumenty-programowe\/\">Dokumenty programowe<\/a><\/li>\n<\/ul>\n<\/li>\n<\/ul>\n<\/li>\n<li><a href=\"https:\/\/niw.gov.pl\/bip\/biuletyn-informacji-publicznej\/zamowienia-publiczne\/\">Zam\u00f3wienia publiczne<\/a>\n<ul>\n<li><a href=\"https:\/\/niw.gov.pl\/bip\/biuletyn-informacji-publicznej\/zamowienia-publiczne\/plany-postepowan\/\">Plany post\u0119powa\u0144<\/a><\/li>\n<li><a href=\"https:\/\/niw.gov.pl\/bip\/biuletyn-informacji-publicznej\/zamowienia-publiczne\/postepowania-pzp\/\">Post\u0119powania PZP<\/a><\/li>\n<li><a href=\"https:\/\/niw.gov.pl\/bip\/biuletyn-informacji-publicznej\/zamowienia-publiczne\/zamowienia-do-130-000-zl\/\">Zam\u00f3wienia do 130\u00a0000 z\u0142<\/a><\/li>\n<li><a href=\"https:\/\/niw.gov.pl\/bip\/biuletyn-informacji-publicznej\/zamowienia-publiczne\/szacowanie-wartosci-zamowienia\/\">Szacowanie warto\u015bci zam\u00f3wienia<\/a><\/li>\n<\/ul>\n<\/li>\n<li><a href=\"https:\/\/niw.gov.pl\/bip\/biuletyn-informacji-publicznej\/rekrutacja\/\">Rekrutacja<\/a>\n<ul>\n<li><a href=\"https:\/\/niw.gov.pl\/bip\/biuletyn-informacji-publicznej\/rekrutacja\/oferty-pracy-i-wyniki-rekrutacji\/\">Oferty pracy i wyniki rekrutacji<\/a><\/li>\n<\/ul>\n<\/li>\n<li class=\"\"><a href=\"https:\/\/niw.gov.pl\/bip\/biuletyn-informacji-publicznej\/nasze-programy\/\">Programy dotacyjne i pomoc publiczna<\/a><\/li>\n<li><a href=\"https:\/\/niw.gov.pl\/bip\/biuletyn-informacji-publicznej\/organizacje-pozytku-publicznego2\/\">Organizacje Po\u017cytku Publicznego<\/a>\n<ul>\n<li><a href=\"https:\/\/niw.gov.pl\/bip\/biuletyn-informacji-publicznej\/organizacje-pozytku-publicznego2\/wykaz-opp-15\/\">Wykaz OPP \u2013 1,5%<\/a><\/li>\n<li><a href=\"https:\/\/niw.gov.pl\/bip\/biuletyn-informacji-publicznej\/organizacje-pozytku-publicznego2\/sprawozdania-opp\/\">Sprawozdania OPP<\/a><\/li>\n<li><a href=\"https:\/\/niw.gov.pl\/bip\/biuletyn-informacji-publicznej\/organizacje-pozytku-publicznego2\/baza-wiedzy-opp\/\">Baza wiedzy OPP<\/a><\/li>\n<li><a href=\"https:\/\/niw.gov.pl\/bip\/biuletyn-informacji-publicznej\/organizacje-pozytku-publicznego2\/fundusz-wspierania-opp\/\">Fundusz Wspierania OPP<\/a><\/li>\n<li><a href=\"https:\/\/niw.gov.pl\/bip\/biuletyn-informacji-publicznej\/organizacje-pozytku-publicznego2\/akty-prawne\/\">Akty prawne<\/a><\/li>\n<li><a href=\"https:\/\/niw.gov.pl\/bip\/biuletyn-informacji-publicznej\/organizacje-pozytku-publicznego2\/informacja-rodo\/\">Informacja RODO<\/a><\/li>\n<li><a href=\"https:\/\/niw.gov.pl\/bip\/biuletyn-informacji-publicznej\/organizacje-pozytku-publicznego2\/kontakt\/\">Kontakt<\/a><\/li>\n<\/ul>\n<\/li>\n<li class=\"\"><a href=\"https:\/\/niw.gov.pl\/bip\/biuletyn-informacji-publicznej\/planowanie-i-sprawozdawczosc\/\">Planowanie i sprawozdawczo\u015b\u0107<\/a><\/li>\n<li class=\"\"><a href=\"https:\/\/niw.gov.pl\/bip\/biuletyn-informacji-publicznej\/zbedne-lub-zuzyte-skladniki-majatku-ruchomego\/\">Zb\u0119dne lub zu\u017cyte sk\u0142adniki maj\u0105tku ruchomego<\/a><\/li>\n<li class=\"\"><a href=\"https:\/\/niw.gov.pl\/bip\/biuletyn-informacji-publicznej\/raport-o-stanie-zapewniania-dostepnosci-niw-crso\/\">Raport o stanie zapewniania dost\u0119pno\u015bci NIW-CRSO<\/a><\/li>\n<\/ul>\n<p>[\/vc_column_text][\/vc_column][\/vc_row]<\/p>\n","protected":false},"excerpt":{"rendered":"<p>[vc_row][vc_column][vc_column_text el_class=&#8221;subpage&#8221;] Redakcja BIP Organizacja Struktura NIW-CRSO Dyrekcja NIW-CRSO Rada NIW-CRSO Dokumenty NIW-CRSO Akty prawne Dokumenty wewn\u0119trzne i rejestrowe Dokumenty programowe Zam\u00f3wienia publiczne Plany post\u0119powa\u0144 Post\u0119powania PZP Zam\u00f3wienia do 130\u00a0000 z\u0142 Szacowanie warto\u015bci zam\u00f3wienia Rekrutacja Oferty pracy i wyniki rekrutacji Programy dotacyjne i pomoc publiczna Organizacje Po\u017cytku Publicznego Wykaz OPP \u2013 1,5% Sprawozdania OPP Baza<\/p>\n","protected":false},"author":21,"featured_media":0,"parent":1962,"menu_order":10,"comment_status":"closed","ping_status":"closed","template":"page-templates\/about_niw_sub_pages.php","meta":{"_acf_changed":false,"inline_featured_image":false,"footnotes":""},"class_list":["post-4783","page","type-page","status-publish","hentry"],"acf":[],"_links":{"self":[{"href":"https:\/\/niw.gov.pl\/bip\/wp-json\/wp\/v2\/pages\/4783","targetHints":{"allow":["GET"]}}],"collection":[{"href":"https:\/\/niw.gov.pl\/bip\/wp-json\/wp\/v2\/pages"}],"about":[{"href":"https:\/\/niw.gov.pl\/bip\/wp-json\/wp\/v2\/types\/page"}],"author":[{"embeddable":true,"href":"https:\/\/niw.gov.pl\/bip\/wp-json\/wp\/v2\/users\/21"}],"replies":[{"embeddable":true,"href":"https:\/\/niw.gov.pl\/bip\/wp-json\/wp\/v2\/comments?post=4783"}],"version-history":[{"count":28,"href":"https:\/\/niw.gov.pl\/bip\/wp-json\/wp\/v2\/pages\/4783\/revisions"}],"predecessor-version":[{"id":5134,"href":"https:\/\/niw.gov.pl\/bip\/wp-json\/wp\/v2\/pages\/4783\/revisions\/5134"}],"up":[{"embeddable":true,"href":"https:\/\/niw.gov.pl\/bip\/wp-json\/wp\/v2\/pages\/1962"}],"wp:attachment":[{"href":"https:\/\/niw.gov.pl\/bip\/wp-json\/wp\/v2\/media?parent=4783"}],"curies":[{"name":"wp","href":"https:\/\/api.w.org\/{rel}","templated":true}]}}