{"id":4975,"date":"2025-03-20T13:15:55","date_gmt":"2025-03-20T12:15:55","guid":{"rendered":"https:\/\/niw.gov.pl\/bip\/?page_id=4975"},"modified":"2025-03-20T13:22:34","modified_gmt":"2025-03-20T12:22:34","slug":"zbedne-lub-zuzyte-skladniki-majatku-ruchomego","status":"publish","type":"page","link":"https:\/\/niw.gov.pl\/bip\/biuletyn-informacji-publicznej\/zbedne-lub-zuzyte-skladniki-majatku-ruchomego\/","title":{"rendered":"Zb\u0119dne lub zu\u017cyte sk\u0142adniki maj\u0105tku ruchomego"},"content":{"rendered":"<p>[vc_row][vc_column][vc_column_text]Narodowy Instytut Wolno\u015bci \u2013 Centrum Rozwoju Spo\u0142ecze\u0144stwa Obywatelskiego informuje, \u017ce posiada zb\u0119dne i zu\u017cyte sk\u0142adniki rzeczowe maj\u0105tku ruchomego z przeznaczeniem do nieodp\u0142atnego przekazania innej jednostce lub jednostce samorz\u0105du terytorialnego, sprzeda\u017cy lub darowizny.<\/p>\n<p>&nbsp;<\/p>\n<p><strong>Wnioski\/oferty nale\u017cy sk\u0142ada\u0107 elektronicznie na adres mailowy: <a href=\"mailto:akosmalska@niw.gov.pl\"><span style=\"color: #df1f36;\">akosmalska@niw.gov.pl<\/span><\/a> w terminie do dnia 31.03.2025 r. <\/strong>[\/vc_column_text][vc_empty_space][\/vc_column][\/vc_row][vc_row][vc_column width=&#8221;1\/2&#8243;]<div class=\"row\">\n\t\t\t\t<div class=\"col-lg-12 col-md-12 col-sm-12 media_text\">\n\t\t\t\t\t<div class=\"download_box\">\n\t\t\t\t<div class=\"download_text\">\n\t\t\t\t\n\t\t\t\t<a href=\"https:\/\/niw.gov.pl\/bip\/wp-content\/uploads\/2025\/03\/Informacja-o-zbednych-skladnikach-majatku.pdf\" download>Informacja o zb\u0119dnych i zu\u017cytych sk\u0142adnikach rzeczowych maj\u0105tku ruchomego<\/a><\/div><br><br><br><span><img decoding=\"async\" src=\"https:\/\/niw.gov.pl\/bip\/wp-content\/themes\/niw\/images\/PDF.png\" alt=\"PDF.png\"><\/button> 0.81MB<\/span><a href=\"https:\/\/niw.gov.pl\/bip\/wp-content\/uploads\/2025\/03\/Informacja-o-zbednych-skladnikach-majatku.pdf\" download><button class=\"download_btn\" type=\"button\"> <img decoding=\"async\" src=\"https:\/\/niw.gov.pl\/bip\/wp-content\/themes\/niw\/images\/arrow7.png\" alt=\"arrow7.png\"><\/button><\/a> <div class=\"clr\">\n\n<\/div><\/div><\/div><\/div>[\/vc_column][vc_column width=&#8221;1\/2&#8243;]<div class=\"row\">\n\t\t\t\t<div class=\"col-lg-12 col-md-12 col-sm-12 media_text\">\n\t\t\t\t\t<div class=\"download_box\">\n\t\t\t\t<div class=\"download_text\">\n\t\t\t\t\n\t\t\t\t<a href=\"https:\/\/niw.gov.pl\/bip\/wp-content\/uploads\/2025\/03\/wzory-wnioskow.docx\" download>Wzory wniosk\u00f3w (do edycji) <\/a><\/div><br><br><br><span><img decoding=\"async\" src=\"https:\/\/niw.gov.pl\/bip\/wp-content\/themes\/niw\/images\/DOC.png\" alt=\"DOC.png\"><\/button> 0.02MB<\/span><a href=\"https:\/\/niw.gov.pl\/bip\/wp-content\/uploads\/2025\/03\/wzory-wnioskow.docx\" download><button class=\"download_btn\" type=\"button\"> <img decoding=\"async\" src=\"https:\/\/niw.gov.pl\/bip\/wp-content\/themes\/niw\/images\/arrow7.png\" alt=\"arrow7.png\"><\/button><\/a> <div class=\"clr\">\n\n<\/div><\/div><\/div><\/div>[\/vc_column][\/vc_row][vc_row][vc_column][vc_empty_space][\/vc_column][\/vc_row]<\/p>\n","protected":false},"excerpt":{"rendered":"<p>[vc_row][vc_column][vc_column_text]Narodowy Instytut Wolno\u015bci \u2013 Centrum Rozwoju Spo\u0142ecze\u0144stwa Obywatelskiego informuje, \u017ce posiada zb\u0119dne i zu\u017cyte sk\u0142adniki rzeczowe maj\u0105tku ruchomego z przeznaczeniem do nieodp\u0142atnego przekazania innej jednostce lub jednostce samorz\u0105du terytorialnego, sprzeda\u017cy lub darowizny. &nbsp; Wnioski\/oferty nale\u017cy sk\u0142ada\u0107 elektronicznie na adres mailowy: akosmalska@niw.gov.pl w terminie do dnia 31.03.2025 r. [\/vc_column_text][vc_empty_space][\/vc_column][\/vc_row][vc_row][vc_column width=&#8221;1\/2&#8243;][\/vc_column][vc_column width=&#8221;1\/2&#8243;][\/vc_column][\/vc_row][vc_row][vc_column][vc_empty_space][\/vc_column][\/vc_row]<\/p>\n","protected":false},"author":21,"featured_media":0,"parent":1962,"menu_order":8,"comment_status":"closed","ping_status":"closed","template":"page-templates\/about_niw_sub_pages.php","meta":{"_acf_changed":false,"inline_featured_image":false,"footnotes":""},"class_list":["post-4975","page","type-page","status-publish","hentry"],"acf":[],"_links":{"self":[{"href":"https:\/\/niw.gov.pl\/bip\/wp-json\/wp\/v2\/pages\/4975","targetHints":{"allow":["GET"]}}],"collection":[{"href":"https:\/\/niw.gov.pl\/bip\/wp-json\/wp\/v2\/pages"}],"about":[{"href":"https:\/\/niw.gov.pl\/bip\/wp-json\/wp\/v2\/types\/page"}],"author":[{"embeddable":true,"href":"https:\/\/niw.gov.pl\/bip\/wp-json\/wp\/v2\/users\/21"}],"replies":[{"embeddable":true,"href":"https:\/\/niw.gov.pl\/bip\/wp-json\/wp\/v2\/comments?post=4975"}],"version-history":[{"count":4,"href":"https:\/\/niw.gov.pl\/bip\/wp-json\/wp\/v2\/pages\/4975\/revisions"}],"predecessor-version":[{"id":4981,"href":"https:\/\/niw.gov.pl\/bip\/wp-json\/wp\/v2\/pages\/4975\/revisions\/4981"}],"up":[{"embeddable":true,"href":"https:\/\/niw.gov.pl\/bip\/wp-json\/wp\/v2\/pages\/1962"}],"wp:attachment":[{"href":"https:\/\/niw.gov.pl\/bip\/wp-json\/wp\/v2\/media?parent=4975"}],"curies":[{"name":"wp","href":"https:\/\/api.w.org\/{rel}","templated":true}]}}