{"id":51026,"date":"2023-04-27T15:27:41","date_gmt":"2023-04-27T13:27:41","guid":{"rendered":"https:\/\/niw.gov.pl\/?post_type=czytelnia&#038;p=51026"},"modified":"2023-04-27T15:27:41","modified_gmt":"2023-04-27T13:27:41","slug":"kapital-zelazny-nr-2","status":"publish","type":"czytelnia","link":"https:\/\/niw.gov.pl\/en\/czytelnia\/kapital-zelazny-nr-2\/","title":{"rendered":"Kapita\u0142 \u017belazny nr 2"},"content":{"rendered":"<p>[vc_row][vc_column][vc_column_text]Kontynuujemy dzia\u0142ania maj\u0105ce na celu promowania dobrych praktyk oraz popularyzacji uniezale\u017cniania si\u0119 organizacji obywatelskich dzi\u0119ki budowie kapita\u0142\u00f3w \u017celaznych. W niniejszym periodyku przedstawiamy do\u015bwiadczenia Fundacji Hospicjum Proroka Eliasza z Micha\u0142owa w wojew\u00f3dztwie podlaskim, organizacji prowadz\u0105cej dzia\u0142alno\u015b\u0107 w obszarze niesienia pomocy osobom nieuleczalnie chorym, w realizacji projektu dofinansowanego w ramach PROO 2a.[\/vc_column_text]<div class=\"row\">\n\t\t\t\t<div class=\"col-lg-12 col-md-12 col-sm-12 media_text\">\n\t\t\t\t\t<div class=\"download_box\">\n\t\t\t\t<div class=\"download_text\">\n\t\t\t\t\t<a href=\"https:\/\/niw.gov.pl\/wp-content\/uploads\/2023\/04\/Publikacja_Kapital_Zelazny_nr_2.pdf\" download>Kapita\u0142 \u017belazny nr 2<\/a><\/div><br><br><span><img decoding=\"async\" src=\"https:\/\/niw.gov.pl\/wp-content\/themes\/niw\/images\/PDF.png\" alt=\"PDF.png\"><\/button> 1.61MB<\/span><a href=\"https:\/\/niw.gov.pl\/wp-content\/uploads\/2023\/04\/Publikacja_Kapital_Zelazny_nr_2.pdf\" download><button class=\"download_btn\" type=\"button\"> <img decoding=\"async\" src=\"https:\/\/niw.gov.pl\/wp-content\/themes\/niw\/images\/arrow7.png\" alt=\"arrow7.png\"><\/button><\/a> <div class=\"clr\">\n\n<\/div><\/div><\/div><\/div>[\/vc_column][\/vc_row]<\/p>\n","protected":false},"excerpt":{"rendered":"<p>\u201e&#8230;przedstawiamy do\u015bwiadczenia Fundacji Hospicjum Proroka Eliasza z Micha\u0142owa&#8230;\u201d<\/p>\n","protected":false},"featured_media":51008,"parent":0,"template":"","meta":{"_acf_changed":false,"inline_featured_image":false,"footnotes":""},"czytelnia_kategorie":[191],"class_list":["post-51026","czytelnia","type-czytelnia","status-publish","has-post-thumbnail","hentry","czytelnia_kategorie-periodyki"],"acf":[],"_links":{"self":[{"href":"https:\/\/niw.gov.pl\/en\/wp-json\/wp\/v2\/czytelnia\/51026","targetHints":{"allow":["GET"]}}],"collection":[{"href":"https:\/\/niw.gov.pl\/en\/wp-json\/wp\/v2\/czytelnia"}],"about":[{"href":"https:\/\/niw.gov.pl\/en\/wp-json\/wp\/v2\/types\/czytelnia"}],"version-history":[{"count":4,"href":"https:\/\/niw.gov.pl\/en\/wp-json\/wp\/v2\/czytelnia\/51026\/revisions"}],"predecessor-version":[{"id":51032,"href":"https:\/\/niw.gov.pl\/en\/wp-json\/wp\/v2\/czytelnia\/51026\/revisions\/51032"}],"wp:featuredmedia":[{"embeddable":true,"href":"https:\/\/niw.gov.pl\/en\/wp-json\/wp\/v2\/media\/51008"}],"wp:attachment":[{"href":"https:\/\/niw.gov.pl\/en\/wp-json\/wp\/v2\/media?parent=51026"}],"wp:term":[{"taxonomy":"czytelnia_kategorie","embeddable":true,"href":"https:\/\/niw.gov.pl\/en\/wp-json\/wp\/v2\/czytelnia_kategorie?post=51026"}],"curies":[{"name":"wp","href":"https:\/\/api.w.org\/{rel}","templated":true}]}}

Kapitał Żelazny nr 2

<p>[vc_row][vc_column][vc_column_text]Kontynuujemy działania mające na celu promowania dobrych praktyk oraz popularyzacji uniezależniania się organizacji obywatelskich dzięki budowie kapitałów żelaznych. W niniejszym periodyku przedstawiamy doświadczenia Fundacji Hospicjum Proroka Eliasza z Michałowa w województwie podlaskim, organizacji prowadzącej działalność w obszarze niesienia pomocy osobom nieuleczalnie chorym, w realizacji projektu dofinansowanego w ramach PROO 2a.[/vc_column_text]<div class="row">
				<div class="col-lg-12 col-md-12 col-sm-12 media_text">
					<div class="download_box">
				<div class="download_text">
					<a href="https://niw.gov.pl/wp-content/uploads/2023/04/Publikacja_Kapital_Zelazny_nr_2.pdf" download>Kapitał Żelazny nr 2</a></div><br><br><span><img decoding="async" src="https://niw.gov.pl/wp-content/themes/niw/images/PDF.png" alt="PDF.png"></button> 1.61MB</span><a href="https://niw.gov.pl/wp-content/uploads/2023/04/Publikacja_Kapital_Zelazny_nr_2.pdf" download><button class="download_btn" type="button"> <img decoding="async" src="https://niw.gov.pl/wp-content/themes/niw/images/arrow7.png" alt="arrow7.png"></button></a> <div class="clr">

</div></div></div></div>[/vc_column][/vc_row]</p>

<p>„&#8230;przedstawiamy doświadczenia Fundacji Hospicjum Proroka Eliasza z Michałowa&#8230;”</p>
