{"id":55830,"date":"2024-03-18T14:10:34","date_gmt":"2024-03-18T13:10:34","guid":{"rendered":"https:\/\/niw.gov.pl\/?post_type=niw-crso&#038;p=55830"},"modified":"2025-07-25T07:50:24","modified_gmt":"2025-07-25T05:50:24","slug":"iwona-zukiert","status":"publish","type":"niw-crso","link":"https:\/\/niw.gov.pl\/en\/niw-crso\/iwona-zukiert\/","title":{"rendered":"Iwona \u017bukiert"},"content":{"rendered":"<p style=\"text-align: justify;\">Od 22 lat Prezes Zarz\u0105du Zachodniopomorskiego Forum Organizacji Spo\u0142ecznych ZAFOS i od pocz\u0105tku zwi\u0105zana z WRZOS (Wsp\u00f3lnota Robocza Zwi\u0105zk\u00f3w Organizacji Socjalnych). W obecnej\u00a0 kadencji Wiceprezes Zarz\u0105du WRZOS.<\/p>\n<p>&nbsp;<\/p>\n<p style=\"text-align: justify;\">Dwukrotnie odznaczona Srebrnym i Z\u0142otym Krzy\u017cem Zas\u0142ugi przez Prezydenta Rzeczypospolitej Polskiej, a tak\u017ce Z\u0142ot\u0105 Odznak\u0105 Gryfa Zachodniopomorskiego przez Marsza\u0142ka Wojew\u00f3dztwa Zachodniopomorskiego. Inicjatorka powo\u0142ania Zachodniopomorskiej Rady Po\u017cytku Publicznego. Wsp\u00f3\u0142autorka Strategii Rozwi\u0105zywania Problem\u00f3w Spo\u0142ecznych w Powiecie My\u015bliborskim. Wsp\u00f3\u0142autorka i realizatorka wielu mi\u0119dzynarodowych projekt\u00f3w finansowanych m.in. z Erasmus+. Inicjatorka i pomys\u0142odawca wielu projekt\u00f3w dotycz\u0105cych sfery spo\u0142ecznej finansowanych z EFS, dedykowanych: osobom wykluczonym spo\u0142ecznie, bezrobotnym, osobom opuszczaj\u0105cym zak\u0142ady postpenitencjarne, seniorom, NGO\u2019s, dzieciom, ofiarom przemocy i molestowania seksualnego. Podczas swojej kariery zawodowej, powo\u0142a\u0142a mi\u0119dzy innymi 3 Centra Edukacyjne w Fundacji Talent Promocja Post\u0119p, a tak\u017ce Centrum Integracji Spo\u0142ecznej CIS w Barlinku. Utworzy\u0142a \u017c\u0142obki i przedszkole w wojew\u00f3dztwie zachodniopomorskim. Wsp\u00f3\u0142autorka standard\u00f3w us\u0142ug spo\u0142ecznych opracowanych przez WRZOS. Jako cz\u0142onek Rady NIW chce wnie\u015b\u0107 swoje ogromne do\u015bwiadczenie w rozw\u00f3j spo\u0142ecze\u0144stwa obywatelskiego.<\/p>\n","protected":false},"excerpt":{"rendered":"<p>Wsp\u00f3lnota Robocza Zwi\u0105zk\u00f3w Organizacji Socjalnych,<br \/>\nprzedstawicielka strony pozarz\u0105dowej<\/p>\n","protected":false},"featured_media":64546,"menu_order":45,"template":"","meta":{"_acf_changed":false,"inline_featured_image":false,"footnotes":""},"class_list":["post-55830","niw-crso","type-niw-crso","status-publish","has-post-thumbnail","hentry"],"acf":[],"_links":{"self":[{"href":"https:\/\/niw.gov.pl\/en\/wp-json\/wp\/v2\/niw-crso\/55830","targetHints":{"allow":["GET"]}}],"collection":[{"href":"https:\/\/niw.gov.pl\/en\/wp-json\/wp\/v2\/niw-crso"}],"about":[{"href":"https:\/\/niw.gov.pl\/en\/wp-json\/wp\/v2\/types\/niw-crso"}],"version-history":[{"count":1,"href":"https:\/\/niw.gov.pl\/en\/wp-json\/wp\/v2\/niw-crso\/55830\/revisions"}],"predecessor-version":[{"id":55831,"href":"https:\/\/niw.gov.pl\/en\/wp-json\/wp\/v2\/niw-crso\/55830\/revisions\/55831"}],"wp:featuredmedia":[{"embeddable":true,"href":"https:\/\/niw.gov.pl\/en\/wp-json\/wp\/v2\/media\/64546"}],"wp:attachment":[{"href":"https:\/\/niw.gov.pl\/en\/wp-json\/wp\/v2\/media?parent=55830"}],"curies":[{"name":"wp","href":"https:\/\/api.w.org\/{rel}","templated":true}]}}

Iwona Żukiert

<p style="text-align: justify;">Od 22 lat Prezes Zarządu Zachodniopomorskiego Forum Organizacji Społecznych ZAFOS i od początku związana z WRZOS (Wspólnota Robocza Związków Organizacji Socjalnych). W obecnej  kadencji Wiceprezes Zarządu WRZOS.</p>
<p>&nbsp;</p>
<p style="text-align: justify;">Dwukrotnie odznaczona Srebrnym i Złotym Krzyżem Zasługi przez Prezydenta Rzeczypospolitej Polskiej, a także Złotą Odznaką Gryfa Zachodniopomorskiego przez Marszałka Województwa Zachodniopomorskiego. Inicjatorka powołania Zachodniopomorskiej Rady Pożytku Publicznego. Współautorka Strategii Rozwiązywania Problemów Społecznych w Powiecie Myśliborskim. Współautorka i realizatorka wielu międzynarodowych projektów finansowanych m.in. z Erasmus+. Inicjatorka i pomysłodawca wielu projektów dotyczących sfery społecznej finansowanych z EFS, dedykowanych: osobom wykluczonym społecznie, bezrobotnym, osobom opuszczającym zakłady postpenitencjarne, seniorom, NGO’s, dzieciom, ofiarom przemocy i molestowania seksualnego. Podczas swojej kariery zawodowej, powołała między innymi 3 Centra Edukacyjne w Fundacji Talent Promocja Postęp, a także Centrum Integracji Społecznej CIS w Barlinku. Utworzyła żłobki i przedszkole w województwie zachodniopomorskim. Współautorka standardów usług społecznych opracowanych przez WRZOS. Jako członek Rady NIW chce wnieść swoje ogromne doświadczenie w rozwój społeczeństwa obywatelskiego.</p>

<p>Wspólnota Robocza Związków Organizacji Socjalnych,<br />
przedstawicielka strony pozarządowej</p>
