{"id":55840,"date":"2024-03-18T14:05:20","date_gmt":"2024-03-18T13:05:20","guid":{"rendered":"https:\/\/niw.gov.pl\/?post_type=niw-crso&#038;p=55840"},"modified":"2024-03-18T14:54:06","modified_gmt":"2024-03-18T13:54:06","slug":"jan-grabkowski","status":"publish","type":"niw-crso","link":"https:\/\/niw.gov.pl\/en\/niw-crso\/jan-grabkowski\/","title":{"rendered":"Jan Grabkowski"},"content":{"rendered":"<p style=\"text-align: justify;\">W samorz\u0105dzie dzia\u0142a od ponad 30 lat. Najpierw jako zast\u0119pca w\u00f3jta gminy Czerwonak. Nast\u0119pnie wicestarosta, a nieprzerwanie od 2002 r. starosta pozna\u0144ski.<\/p>\n<p>&nbsp;<\/p>\n<p style=\"text-align: justify;\">Doskona\u0142y menad\u017cer, kt\u00f3ry konsekwentnie realizuje zadania. Na sprawy powiatu i JST patrzy spos\u00f3b holistyczny. Do jego najwi\u0119kszych osi\u0105gni\u0119\u0107 mo\u017cna zaliczy\u0107 wsp\u00f3\u0142tworzenie sp\u00f3\u0142ek komunalnych oraz systemu komunikacji publicznej w gm. Czerwonak czy Pozna\u0144skiej Kolei Metropolitalnej. Uratowa\u0142 przed upadkiem Szpital w Puszczykowie, a tak\u017ce powo\u0142a\u0142 Zwi\u0105zek Powiatowo-Gminny \u201eWielkopolski Transport Regionalny.<\/p>\n<p>&nbsp;<\/p>\n<p style=\"text-align: justify;\">Zaanga\u017cowany w dzia\u0142ania kulturalne, sportowe czy charytatywne. W regionie aktywnie wspiera NGO m.in. poprzez udzielanie dotacji oraz cyklicznie spotkania z mieszka\u0144cami podczas Dnia Organizacji Pozarz\u0105dowych w powiecie pozna\u0144skim.<\/p>\n<p>&nbsp;<\/p>\n<p style=\"text-align: justify;\">Skutecznie zdobywa fundusze unijne, dzi\u0119ki kt\u00f3rym rozwija edukacj\u0119, dba o drogi i inwestycje. Przy Zespole Szk\u00f3\u0142 nr 1 w Swarz\u0119dzu powsta\u0142o najnowocze\u015bniejsze w Polsce Centrum Kszta\u0142cenia Zawodowego. Doprowadzi\u0142 do renowacji kompleksu pocysterskiego w Owi\u0144skach oraz stworzenia wyj\u0105tkowego Parku Orientacji Przestrzennej. Zabiega\u0142 tak\u017ce o budow\u0119 zintegrowanego w\u0119z\u0142a przesiadkowego w Plewiskach (gm. Komorniki) i tunelu w Kobylnicy (gm. Swarz\u0119dz).<\/p>\n<p>&nbsp;<\/p>\n<p style=\"text-align: justify;\">W latach 2004-2007 Przewodnicz\u0105cy Konwentu Starost\u00f3w Wojew\u00f3dztwa Wielkopolskiego, aktualnie wiceprezes Zwi\u0105zku Powiat\u00f3w Polskich oraz cz\u0142onek Komisji Wsp\u00f3lnej Rz\u0105du i Samorz\u0105du. Inicjator, wsp\u00f3\u0142tw\u00f3rca i wiceprezes powo\u0142anego w 2007 r.\u00a0 stowarzyszenia Metropolia Pozna\u0144. Cz\u0142onek Zarz\u0105du Towarzystwa im. E. Kwiatkowskiego, Towarzystwa im. H. Wieniawskiego i Towarzystwa im. H. Cegielskiego.<\/p>\n","protected":false},"excerpt":{"rendered":"<p>Starosta pozna\u0144ski,<br \/>\nprzedstawiciel jednostek samorz\u0105du terytorialnego<\/p>\n","protected":false},"featured_media":55299,"menu_order":50,"template":"","meta":{"_acf_changed":false,"inline_featured_image":false,"footnotes":""},"class_list":["post-55840","niw-crso","type-niw-crso","status-publish","has-post-thumbnail","hentry"],"acf":[],"_links":{"self":[{"href":"https:\/\/niw.gov.pl\/en\/wp-json\/wp\/v2\/niw-crso\/55840","targetHints":{"allow":["GET"]}}],"collection":[{"href":"https:\/\/niw.gov.pl\/en\/wp-json\/wp\/v2\/niw-crso"}],"about":[{"href":"https:\/\/niw.gov.pl\/en\/wp-json\/wp\/v2\/types\/niw-crso"}],"version-history":[{"count":1,"href":"https:\/\/niw.gov.pl\/en\/wp-json\/wp\/v2\/niw-crso\/55840\/revisions"}],"predecessor-version":[{"id":55841,"href":"https:\/\/niw.gov.pl\/en\/wp-json\/wp\/v2\/niw-crso\/55840\/revisions\/55841"}],"wp:featuredmedia":[{"embeddable":true,"href":"https:\/\/niw.gov.pl\/en\/wp-json\/wp\/v2\/media\/55299"}],"wp:attachment":[{"href":"https:\/\/niw.gov.pl\/en\/wp-json\/wp\/v2\/media?parent=55840"}],"curies":[{"name":"wp","href":"https:\/\/api.w.org\/{rel}","templated":true}]}}

<p style="text-align: justify;">W samorządzie działa od ponad 30 lat. Najpierw jako zastępca wójta gminy Czerwonak. Następnie wicestarosta, a nieprzerwanie od 2002 r. starosta poznański.</p>
<p>&nbsp;</p>
<p style="text-align: justify;">Doskonały menadżer, który konsekwentnie realizuje zadania. Na sprawy powiatu i JST patrzy sposób holistyczny. Do jego największych osiągnięć można zaliczyć współtworzenie spółek komunalnych oraz systemu komunikacji publicznej w gm. Czerwonak czy Poznańskiej Kolei Metropolitalnej. Uratował przed upadkiem Szpital w Puszczykowie, a także powołał Związek Powiatowo-Gminny „Wielkopolski Transport Regionalny.</p>
<p>&nbsp;</p>
<p style="text-align: justify;">Zaangażowany w działania kulturalne, sportowe czy charytatywne. W regionie aktywnie wspiera NGO m.in. poprzez udzielanie dotacji oraz cyklicznie spotkania z mieszkańcami podczas Dnia Organizacji Pozarządowych w powiecie poznańskim.</p>
<p>&nbsp;</p>
<p style="text-align: justify;">Skutecznie zdobywa fundusze unijne, dzięki którym rozwija edukację, dba o drogi i inwestycje. Przy Zespole Szkół nr 1 w Swarzędzu powstało najnowocześniejsze w Polsce Centrum Kształcenia Zawodowego. Doprowadził do renowacji kompleksu pocysterskiego w Owińskach oraz stworzenia wyjątkowego Parku Orientacji Przestrzennej. Zabiegał także o budowę zintegrowanego węzła przesiadkowego w Plewiskach (gm. Komorniki) i tunelu w Kobylnicy (gm. Swarzędz).</p>
<p>&nbsp;</p>
<p style="text-align: justify;">W latach 2004-2007 Przewodniczący Konwentu Starostów Województwa Wielkopolskiego, aktualnie wiceprezes Związku Powiatów Polskich oraz członek Komisji Wspólnej Rządu i Samorządu. Inicjator, współtwórca i wiceprezes powołanego w 2007 r.  stowarzyszenia Metropolia Poznań. Członek Zarządu Towarzystwa im. E. Kwiatkowskiego, Towarzystwa im. H. Wieniawskiego i Towarzystwa im. H. Cegielskiego.</p>

<p>Starosta poznański,<br />
przedstawiciel jednostek samorządu terytorialnego</p>
