{"id":55851,"date":"2024-03-18T14:02:59","date_gmt":"2024-03-18T13:02:59","guid":{"rendered":"https:\/\/niw.gov.pl\/?post_type=niw-crso&#038;p=55851"},"modified":"2024-03-18T14:53:45","modified_gmt":"2024-03-18T13:53:45","slug":"anna-czyzewska","status":"publish","type":"niw-crso","link":"https:\/\/niw.gov.pl\/en\/niw-crso\/anna-czyzewska\/","title":{"rendered":"Anna Czy\u017cewska"},"content":{"rendered":"<p style=\"text-align: justify;\">Antropolo\u017cka kultury i etnografka.<\/p>\n<p>&nbsp;<\/p>\n<p style=\"text-align: justify;\">Obecnie prezeska zarz\u0105du Federacji Mazowia, najwi\u0119kszej regionalnej federacji ngo w wojew\u00f3dztwie mazowieckim.<\/p>\n<p>&nbsp;<\/p>\n<p style=\"text-align: justify;\">Zawodowo zwi\u0105zana z organizacjami pozarz\u0105dowymi. Pracowa\u0142a m.in. w Fundacji O\u015brodka Karta, Stowarzyszeniu 61, Stowarzyszeniu Pracownia Etnograficzna im. Witoda Dynowskiego. Od 2017 zwi\u0105zana z Federacj\u0105 Mazowia. Wsp\u00f3\u0142pracuje z organizacjami pozarz\u0105dowymi oraz instytucjami kultury prowadz\u0105c procesy edukacyjne i animacyjne, szkolenia oraz badania spo\u0142eczne. Realizowa\u0142a projekty partnerskie z organizacjami pozarz\u0105dowymi m.in. z Czech, Niemiec, Ukrainy, Bia\u0142orusi czy Chorwacji. Wsp\u00f3\u0142tworzy\u0142a niezale\u017cne centrum kultury Pracownia Du\u017cy Pok\u00f3j. Stworzy\u0142a m.in. najwi\u0119kszy portal po\u015bwi\u0119cony polskim skansenom &#8211; skanseny.net oraz warszawskie audioprzewodniki MiejskaScie\u017cka.PL.<\/p>\n<p>&nbsp;<\/p>\n<p style=\"text-align: justify;\">W latach 2012-2015 cz\u0142onkini Spo\u0142ecznej Rady Kultury przy Prezydent m.st. Warszawy. W latach 2014-2023 cz\u0142onkini Zespo\u0142u Steruj\u0105cego programu Patriotyzm Jutra. Obecnie cz\u0142onkini Mazowieckiej Rady Dzia\u0142alno\u015bci Po\u017cytku Publicznego.<\/p>\n<p>&nbsp;<\/p>\n<p style=\"text-align: justify;\">Absolwentka Uniwersytetu Warszawskiego. Uko\u0144czy\u0142a Szko\u0142\u0119 Trener\u00f3w Organizacji Pozarz\u0105dowych, Szko\u0142\u0119 Treningu Grupowego, 29 Szko\u0142\u0119 Lider\u00f3w Politycznych oraz Akademi\u0119 Demokracji Socjalnej. By\u0142a uczestniczk\u0105 program\u00f3w \u201eWielokulturowa Europa\u201d oraz \u201eInterkulturowi Nawigatorzy\u201d.<\/p>\n<p>&nbsp;<\/p>\n<p style=\"text-align: justify;\">Publikuje w NGO.PL &#8211; https:\/\/publicystyka.ngo.pl\/kategoria\/anna-czyzewska<\/p>\n<p>&nbsp;<\/p>\n<p style=\"text-align: justify;\">Kontakt: a.czyzewska@mazowia.org.pl<\/p>\n<p>&nbsp;<\/p>\n<p style=\"text-align: justify;\">Fot. Jolanta Suszko-Adamczewska<\/p>\n","protected":false},"excerpt":{"rendered":"<p>Federacja Mazowia,<br \/>\nprzedstawicielka strony pozarz\u0105dowej<\/p>\n","protected":false},"featured_media":55351,"menu_order":30,"template":"","meta":{"_acf_changed":false,"inline_featured_image":false,"footnotes":""},"class_list":["post-55851","niw-crso","type-niw-crso","status-publish","has-post-thumbnail","hentry"],"acf":[],"_links":{"self":[{"href":"https:\/\/niw.gov.pl\/en\/wp-json\/wp\/v2\/niw-crso\/55851","targetHints":{"allow":["GET"]}}],"collection":[{"href":"https:\/\/niw.gov.pl\/en\/wp-json\/wp\/v2\/niw-crso"}],"about":[{"href":"https:\/\/niw.gov.pl\/en\/wp-json\/wp\/v2\/types\/niw-crso"}],"version-history":[{"count":1,"href":"https:\/\/niw.gov.pl\/en\/wp-json\/wp\/v2\/niw-crso\/55851\/revisions"}],"predecessor-version":[{"id":55852,"href":"https:\/\/niw.gov.pl\/en\/wp-json\/wp\/v2\/niw-crso\/55851\/revisions\/55852"}],"wp:featuredmedia":[{"embeddable":true,"href":"https:\/\/niw.gov.pl\/en\/wp-json\/wp\/v2\/media\/55351"}],"wp:attachment":[{"href":"https:\/\/niw.gov.pl\/en\/wp-json\/wp\/v2\/media?parent=55851"}],"curies":[{"name":"wp","href":"https:\/\/api.w.org\/{rel}","templated":true}]}}

Anna Czyżewska

<p style="text-align: justify;">Antropolożka kultury i etnografka.</p>
<p>&nbsp;</p>
<p style="text-align: justify;">Obecnie prezeska zarządu Federacji Mazowia, największej regionalnej federacji ngo w województwie mazowieckim.</p>
<p>&nbsp;</p>
<p style="text-align: justify;">Zawodowo związana z organizacjami pozarządowymi. Pracowała m.in. w Fundacji Ośrodka Karta, Stowarzyszeniu 61, Stowarzyszeniu Pracownia Etnograficzna im. Witoda Dynowskiego. Od 2017 związana z Federacją Mazowia. Współpracuje z organizacjami pozarządowymi oraz instytucjami kultury prowadząc procesy edukacyjne i animacyjne, szkolenia oraz badania społeczne. Realizowała projekty partnerskie z organizacjami pozarządowymi m.in. z Czech, Niemiec, Ukrainy, Białorusi czy Chorwacji. Współtworzyła niezależne centrum kultury Pracownia Duży Pokój. Stworzyła m.in. największy portal poświęcony polskim skansenom &#8211; skanseny.net oraz warszawskie audioprzewodniki MiejskaScieżka.PL.</p>
<p>&nbsp;</p>
<p style="text-align: justify;">W latach 2012-2015 członkini Społecznej Rady Kultury przy Prezydent m.st. Warszawy. W latach 2014-2023 członkini Zespołu Sterującego programu Patriotyzm Jutra. Obecnie członkini Mazowieckiej Rady Działalności Pożytku Publicznego.</p>
<p>&nbsp;</p>
<p style="text-align: justify;">Absolwentka Uniwersytetu Warszawskiego. Ukończyła Szkołę Trenerów Organizacji Pozarządowych, Szkołę Treningu Grupowego, 29 Szkołę Liderów Politycznych oraz Akademię Demokracji Socjalnej. Była uczestniczką programów „Wielokulturowa Europa” oraz „Interkulturowi Nawigatorzy”.</p>
<p>&nbsp;</p>
<p style="text-align: justify;">Publikuje w NGO.PL &#8211; https://publicystyka.ngo.pl/kategoria/anna-czyzewska</p>
<p>&nbsp;</p>
<p style="text-align: justify;">Kontakt: a.czyzewska@mazowia.org.pl</p>
<p>&nbsp;</p>
<p style="text-align: justify;">Fot. Jolanta Suszko-Adamczewska</p>

<p>Federacja Mazowia,<br />
przedstawicielka strony pozarządowej</p>
