{"id":60825,"date":"2024-04-10T10:10:18","date_gmt":"2024-04-10T09:10:18","guid":{"rendered":"https:\/\/niw.gov.pl\/niw-crso\/pawel-bilski\/"},"modified":"2025-11-24T08:36:44","modified_gmt":"2025-11-24T07:36:44","slug":"pawel-bilski","status":"publish","type":"niw-crso","link":"https:\/\/niw.gov.pl\/en\/niw-crso\/pawel-bilski\/","title":{"rendered":"Pawe\u0142 Bilski"},"content":{"rendered":"<p>Fundator, Prezes Zarz\u0105du Fundacji Oczami Brata, Prezes Zarz\u0105du Sp\u00f3\u0142dzielni Socjalnej \u201eJasne, \u017ce alternatywa 21\u201d, Fundator i Dyrektor Fundacji Teatr Nowy<br \/>\nw Cz\u0119stochowie, cz\u0142onek krajowej\u00a0RDPP\u00a0VII i VIII kadencji, koordynator Wolontariatu M\u0142odzie\u017cowego przy Stowarzyszeniu Wzajemnej Pomocy \u201eAgape\u201d, Przewodnicz\u0105cy Powiatowej Spo\u0142ecznej Rady ds. Os\u00f3b Niepe\u0142nosprawnych w Cz\u0119stochowie w latach 2015-2019, animator partnerstw lokalnych i Rady Sejmiku Os\u00f3b z Niepe\u0142nosprawno\u015bci\u0105 Woj. \u015al\u0105skiego.<\/p>\n<p>&nbsp;<\/p>\n<p>Magister pracy socjalnej, specjalista z zakresu organizacji pomocy spo\u0142ecznej, specjalista z zakresu zarz\u0105dzania kultur\u0105 (Uniwersytet im. J. D\u0142ugosza w Cz\u0119stochowie, Uniwersytet \u015al\u0105ski w Katowicach oraz Uniwersytet Jagiello\u0144ski w Krakowie). Uko\u0144czy\u0142 szkolenie coachingowe \u201eDwa sektory \u2013 jedna wizja\u201d organizowane przez Szko\u0142\u0119 Lider\u00f3w,\u00a0firm\u0119 PwC oraz Szko\u0142\u0119 Lider\u00f3w Polsko-Ameryka\u0144skiej Fundacji Wolno\u015bci.<\/p>\n<p>&nbsp;<\/p>\n<p>Absolwent Szko\u0142y Aktorskiej przy Teatrze Jaracza w Olsztynie. Zdobywca stypendi\u00f3w artystycznych w dziedzinie Teatru przyznanych przez Prezydenta Miasta Cz\u0119stochowy, Marsza\u0142ka Wojew\u00f3dztwa\u00a0Warmi\u0144sko-Mazurskiego\u00a0i Ministra Kultury i Dziedzictwa Narodowego.<\/p>\n<p>&nbsp;<\/p>\n<p>Laureat m.in. III Nagrody w konkursie \u201eOkulary ks. Kaczkowskiego. Nie widz\u0119 przeszk\u00f3d\u201d w 2019 roku, Nagrody BohaterON im. Powsta\u0144c\u00f3w Warszawskich, Nagrody Prezydenta RP \u201eCz\u0142owiek Lider\u201d. Odznaczony Z\u0142otym Krzy\u017cem Zas\u0142ugi i Z\u0142ot\u0105 Odznak\u0105 Woj. \u015al\u0105skiego.<\/p>\n<p>&nbsp;<\/p>\n<p>Pawe\u0142 Bilski jest innowatorem spo\u0142ecznym, politykiem spo\u0142ecznym, specjalist\u0105 w zakresie deinstytucjonalizacji us\u0142ug spo\u0142ecznych, szkoleniowcem, nauczycielem akademickim w Uczelni Korczaka.<\/p>\n","protected":false},"excerpt":{"rendered":"<p>Fundacja Oczami Brata, Sp\u00f3\u0142dzielnia Socjalna \u201eJasne, \u017ce alternatywa 21\u201d, Fundacja Teatr Nowy w Cz\u0119stochowie,<br \/>\nprzedstawiciel Przewodnicz\u0105cej Komitetu ds. Po\u017cytku Publicznego<\/p>\n","protected":false},"featured_media":60801,"menu_order":20,"template":"","meta":{"_acf_changed":false,"inline_featured_image":false,"footnotes":""},"class_list":["post-60825","niw-crso","type-niw-crso","status-publish","has-post-thumbnail","hentry"],"acf":[],"_links":{"self":[{"href":"https:\/\/niw.gov.pl\/en\/wp-json\/wp\/v2\/niw-crso\/60825","targetHints":{"allow":["GET"]}}],"collection":[{"href":"https:\/\/niw.gov.pl\/en\/wp-json\/wp\/v2\/niw-crso"}],"about":[{"href":"https:\/\/niw.gov.pl\/en\/wp-json\/wp\/v2\/types\/niw-crso"}],"version-history":[{"count":1,"href":"https:\/\/niw.gov.pl\/en\/wp-json\/wp\/v2\/niw-crso\/60825\/revisions"}],"predecessor-version":[{"id":63868,"href":"https:\/\/niw.gov.pl\/en\/wp-json\/wp\/v2\/niw-crso\/60825\/revisions\/63868"}],"wp:featuredmedia":[{"embeddable":true,"href":"https:\/\/niw.gov.pl\/en\/wp-json\/wp\/v2\/media\/60801"}],"wp:attachment":[{"href":"https:\/\/niw.gov.pl\/en\/wp-json\/wp\/v2\/media?parent=60825"}],"curies":[{"name":"wp","href":"https:\/\/api.w.org\/{rel}","templated":true}]}}

Paweł Bilski

<p>Fundator, Prezes Zarządu Fundacji Oczami Brata, Prezes Zarządu Spółdzielni Socjalnej „Jasne, że alternatywa 21”, Fundator i Dyrektor Fundacji Teatr Nowy<br />
w Częstochowie, członek krajowej RDPP VII i VIII kadencji, koordynator Wolontariatu Młodzieżowego przy Stowarzyszeniu Wzajemnej Pomocy „Agape”, Przewodniczący Powiatowej Społecznej Rady ds. Osób Niepełnosprawnych w Częstochowie w latach 2015-2019, animator partnerstw lokalnych i Rady Sejmiku Osób z Niepełnosprawnością Woj. Śląskiego.</p>
<p>&nbsp;</p>
<p>Magister pracy socjalnej, specjalista z zakresu organizacji pomocy społecznej, specjalista z zakresu zarządzania kulturą (Uniwersytet im. J. Długosza w Częstochowie, Uniwersytet Śląski w Katowicach oraz Uniwersytet Jagielloński w Krakowie). Ukończył szkolenie coachingowe „Dwa sektory – jedna wizja” organizowane przez Szkołę Liderów, firmę PwC oraz Szkołę Liderów Polsko-Amerykańskiej Fundacji Wolności.</p>
<p>&nbsp;</p>
<p>Absolwent Szkoły Aktorskiej przy Teatrze Jaracza w Olsztynie. Zdobywca stypendiów artystycznych w dziedzinie Teatru przyznanych przez Prezydenta Miasta Częstochowy, Marszałka Województwa Warmińsko-Mazurskiego i Ministra Kultury i Dziedzictwa Narodowego.</p>
<p>&nbsp;</p>
<p>Laureat m.in. III Nagrody w konkursie „Okulary ks. Kaczkowskiego. Nie widzę przeszkód” w 2019 roku, Nagrody BohaterON im. Powstańców Warszawskich, Nagrody Prezydenta RP „Człowiek Lider”. Odznaczony Złotym Krzyżem Zasługi i Złotą Odznaką Woj. Śląskiego.</p>
<p>&nbsp;</p>
<p>Paweł Bilski jest innowatorem społecznym, politykiem społecznym, specjalistą w zakresie deinstytucjonalizacji usług społecznych, szkoleniowcem, nauczycielem akademickim w Uczelni Korczaka.</p>

<p>Fundacja Oczami Brata, Spółdzielnia Socjalna „Jasne, że alternatywa 21”, Fundacja Teatr Nowy w Częstochowie,<br />
przedstawiciel Przewodniczącej Komitetu ds. Pożytku Publicznego</p>
