{"id":16329,"date":"2021-04-28T11:19:53","date_gmt":"2021-04-28T11:19:53","guid":{"rendered":"http:\/\/niw.gov.pl\/nasze-programy\/fio\/komitet-sterujaco-monitorujacy\/"},"modified":"2021-07-13T07:47:35","modified_gmt":"2021-07-13T07:47:35","slug":"steering-and-monitoring-committee","status":"publish","type":"page","link":"https:\/\/niw.gov.pl\/en\/our-programmes\/cif\/steering-and-monitoring-committee\/","title":{"rendered":"Steering and Monitoring Committee"},"content":{"rendered":"<p>[vc_row][vc_column][vc_column_text]Komitet Steruj\u0105co-Monitoruj\u0105cy Programu FIO na lata 2014-2020 (III kadencja na rok 2020) zosta\u0142 powo\u0142any zarz\u0105dzeniem nr 6 Przewodnicz\u0105cego Komitetu ds. Po\u017cytku Publicznego w sprawie powo\u0142ania Komitetu Steruj\u0105co-Monitoruj\u0105cego Program Fundusz Inicjatyw Obywatelskich na lata 2014-2020.[\/vc_column_text][vc_column_text]<\/p>\n<h5><strong>Komitet w III kadencji na rok 2020 pracuje w nast\u0119puj\u0105cym sk\u0142adzie:<\/strong><\/h5>\n<p>[\/vc_column_text][vc_column_text]Wojciech Kaczmarczyk &#8211; Przewodnicz\u0105cy, Narodowy Instytut Wolno\u015bci Centrum Rozwoju Spo\u0142ecze\u0144stwa Obywatelskiego.[\/vc_column_text][vc_column_text]<\/p>\n<h4>Przedstawiciele administracji samorz\u0105dowej:<\/h4>\n<p>[\/vc_column_text][vc_column_text el_class=&#8221;subpage&#8221;]<\/p>\n<ul>\n<li>Magdalena Peczy\u0144ska, Zwi\u0105zek Wojew\u00f3dztw Polskich<\/li>\n<li>Ma\u0142gorzata Bartkowiak, Zwi\u0105zek Wojew\u00f3dztw Polskich<\/li>\n<li>Andrzej Wr\u00f3blewicz, Zwi\u0105zek Powiat\u00f3w Polskich<\/li>\n<\/ul>\n<p>[\/vc_column_text][vc_column_text]<\/p>\n<h4>Przedstawiciele administracji rz\u0105dowej:<\/h4>\n<p>[\/vc_column_text][vc_column_text el_class=&#8221;subpage&#8221;]<\/p>\n<ul>\n<li>Rados\u0142aw Podogrocki, Kancelaria Prezesa Rady Ministr\u00f3w<\/li>\n<li>Krzysztof Przekwas, Kancelaria Prezesa Rady Ministr\u00f3w<\/li>\n<li>Piotr Mazurek, Kancelaria Prezesa Rady Ministr\u00f3w<\/li>\n<\/ul>\n<p>[\/vc_column_text][vc_column_text]<\/p>\n<h4>Przedstawiciele strony pozarz\u0105dowej:<\/h4>\n<p>[\/vc_column_text][vc_column_text el_class=&#8221;subpage&#8221;]<\/p>\n<ul>\n<li>Andrzej Andrzejewski, Stowarzyszenie Aktywno\u015bci Lokalnej \u201eZiemia Nowomiejska\u201d<\/li>\n<li>Alicja Gawinek, Opolskie Centrum Wspierania Inicjatyw Pozarz\u0105dowych<\/li>\n<li>Maciej Dawid Kunysz, Stowarzyszenie \u201eEKOSKOP\u201d<\/li>\n<li>Dorota Pronobis, Stowarzyszenie Edukacji i Rozwoju Amicus<\/li>\n<li>Grzegorz Reszka, Wsp\u00f3lnota Robocza Zwi\u0105zk\u00f3w Organizacji Socjalnych<\/li>\n<li>S\u0142awomir Wieteska, Dolno\u015bl\u0105ska Federacja Organizacji Pozarz\u0105dowych.<\/li>\n<\/ul>\n<p>[\/vc_column_text][vc_column_text]<\/p>\n<h4>Przedstawicielka Kancelarii Prezydenta Rzeczypospolitej Polskiej<\/h4>\n<p>[\/vc_column_text][vc_column_text el_class=&#8221;subpage&#8221;]<\/p>\n<ul>\n<li>prof. Ewa Le\u015b, Kancelaria Prezydenta RP<\/li>\n<\/ul>\n<p>[\/vc_column_text][\/vc_column][\/vc_row][vc_row][vc_column][vc_column_text]Zobacz <a class=\"red\" href=\"http:\/\/niw.gov.pl\/nasze-programy\/fio\/komitet-sterujaco-monitorujacy\/protokoly-z-posiedzen-ksm\/\"><i class=\"fas fa-link\"><\/i> Protoko\u0142y z posiedze\u0144 KSM<\/a>[\/vc_column_text][\/vc_column][\/vc_row]<\/p>\n","protected":false},"excerpt":{"rendered":"<p>[vc_row][vc_column][vc_column_text]Komitet Steruj\u0105co-Monitoruj\u0105cy Programu FIO na lata 2014-2020 (III kadencja na rok 2020) zosta\u0142 powo\u0142any zarz\u0105dzeniem nr 6 Przewodnicz\u0105cego Komitetu ds. Po\u017cytku Publicznego w sprawie powo\u0142ania Komitetu Steruj\u0105co-Monitoruj\u0105cego Program Fundusz Inicjatyw Obywatelskich na lata 2014-2020.[\/vc_column_text][vc_column_text] Komitet w III kadencji na rok 2020 pracuje w nast\u0119puj\u0105cym sk\u0142adzie: [\/vc_column_text][vc_column_text]Wojciech Kaczmarczyk &#8211; Przewodnicz\u0105cy, Narodowy Instytut Wolno\u015bci Centrum Rozwoju Spo\u0142ecze\u0144stwa<\/p>\n","protected":false},"author":46,"featured_media":0,"parent":16279,"menu_order":4,"comment_status":"closed","ping_status":"closed","template":"page-templates\/nasze_programy_sub_pages.php","meta":{"_acf_changed":false,"inline_featured_image":false,"footnotes":""},"class_list":["post-16329","page","type-page","status-publish","hentry"],"acf":[],"_links":{"self":[{"href":"https:\/\/niw.gov.pl\/en\/wp-json\/wp\/v2\/pages\/16329","targetHints":{"allow":["GET"]}}],"collection":[{"href":"https:\/\/niw.gov.pl\/en\/wp-json\/wp\/v2\/pages"}],"about":[{"href":"https:\/\/niw.gov.pl\/en\/wp-json\/wp\/v2\/types\/page"}],"author":[{"embeddable":true,"href":"https:\/\/niw.gov.pl\/en\/wp-json\/wp\/v2\/users\/46"}],"replies":[{"embeddable":true,"href":"https:\/\/niw.gov.pl\/en\/wp-json\/wp\/v2\/comments?post=16329"}],"version-history":[{"count":2,"href":"https:\/\/niw.gov.pl\/en\/wp-json\/wp\/v2\/pages\/16329\/revisions"}],"predecessor-version":[{"id":18464,"href":"https:\/\/niw.gov.pl\/en\/wp-json\/wp\/v2\/pages\/16329\/revisions\/18464"}],"up":[{"embeddable":true,"href":"https:\/\/niw.gov.pl\/en\/wp-json\/wp\/v2\/pages\/16279"}],"wp:attachment":[{"href":"https:\/\/niw.gov.pl\/en\/wp-json\/wp\/v2\/media?parent=16329"}],"curies":[{"name":"wp","href":"https:\/\/api.w.org\/{rel}","templated":true}]}}

<p>[vc_row][vc_column][vc_column_text]Komitet Sterująco-Monitorujący Programu FIO na lata 2014-2020 (III kadencja na rok 2020) został powołany zarządzeniem nr 6 Przewodniczącego Komitetu ds. Pożytku Publicznego w sprawie powołania Komitetu Sterująco-Monitorującego Program Fundusz Inicjatyw Obywatelskich na lata 2014-2020.[/vc_column_text][vc_column_text]</p>
<h5><strong>Komitet w III kadencji na rok 2020 pracuje w następującym składzie:</strong></h5>
<p>[/vc_column_text][vc_column_text]Wojciech Kaczmarczyk &#8211; Przewodniczący, Narodowy Instytut Wolności Centrum Rozwoju Społeczeństwa Obywatelskiego.[/vc_column_text][vc_column_text]</p>
<h4>Przedstawiciele administracji samorządowej:</h4>
<p>[/vc_column_text][vc_column_text el_class=&#8221;subpage&#8221;]</p>
<ul>
<li>Magdalena Peczyńska, Związek Województw Polskich</li>
<li>Małgorzata Bartkowiak, Związek Województw Polskich</li>
<li>Andrzej Wróblewicz, Związek Powiatów Polskich</li>
</ul>
<p>[/vc_column_text][vc_column_text]</p>
<h4>Przedstawiciele administracji rządowej:</h4>
<p>[/vc_column_text][vc_column_text el_class=&#8221;subpage&#8221;]</p>
<ul>
<li>Radosław Podogrocki, Kancelaria Prezesa Rady Ministrów</li>
<li>Krzysztof Przekwas, Kancelaria Prezesa Rady Ministrów</li>
<li>Piotr Mazurek, Kancelaria Prezesa Rady Ministrów</li>
</ul>
<p>[/vc_column_text][vc_column_text]</p>
<h4>Przedstawiciele strony pozarządowej:</h4>
<p>[/vc_column_text][vc_column_text el_class=&#8221;subpage&#8221;]</p>
<ul>
<li>Andrzej Andrzejewski, Stowarzyszenie Aktywności Lokalnej „Ziemia Nowomiejska”</li>
<li>Alicja Gawinek, Opolskie Centrum Wspierania Inicjatyw Pozarządowych</li>
<li>Maciej Dawid Kunysz, Stowarzyszenie „EKOSKOP”</li>
<li>Dorota Pronobis, Stowarzyszenie Edukacji i Rozwoju Amicus</li>
<li>Grzegorz Reszka, Wspólnota Robocza Związków Organizacji Socjalnych</li>
<li>Sławomir Wieteska, Dolnośląska Federacja Organizacji Pozarządowych.</li>
</ul>
<p>[/vc_column_text][vc_column_text]</p>
<h4>Przedstawicielka Kancelarii Prezydenta Rzeczypospolitej Polskiej</h4>
<p>[/vc_column_text][vc_column_text el_class=&#8221;subpage&#8221;]</p>
<ul>
<li>prof. Ewa Leś, Kancelaria Prezydenta RP</li>
</ul>
<p>[/vc_column_text][/vc_column][/vc_row][vc_row][vc_column][vc_column_text]Zobacz <a class="red" href="http://niw.gov.pl/nasze-programy/fio/komitet-sterujaco-monitorujacy/protokoly-z-posiedzen-ksm/"><i class="fas fa-link"></i> Protokoły z posiedzeń KSM</a>[/vc_column_text][/vc_column][/vc_row]</p>

<p>[vc_row][vc_column][vc_column_text]Komitet Sterująco-Monitorujący Programu FIO na lata 2014-2020 (III kadencja na rok 2020) został powołany zarządzeniem nr 6 Przewodniczącego Komitetu ds. Pożytku Publicznego w sprawie powołania Komitetu Sterująco-Monitorującego Program Fundusz Inicjatyw Obywatelskich na lata 2014-2020.[/vc_column_text][vc_column_text] Komitet w III kadencji na rok 2020 pracuje w następującym składzie: [/vc_column_text][vc_column_text]Wojciech Kaczmarczyk &#8211; Przewodniczący, Narodowy Instytut Wolności Centrum Rozwoju Społeczeństwa</p>
